 7209 is divided by 2396?
21
What is the remainder when 1852953 is divided by 903?
900
Calculate the remainder when 2755901 is divided by 272.
269
Calculate the remainder when 9093 is divided by 2394.
1911
What is the remainder when 3114106 is divided by 11?
6
What is the remainder when 39671 is divided by 75?
71
What is the remainder when 42159 is divided by 40?
39
What is the remainder when 9885 is divided by 1253?
1114
Calculate the remainder when 95361 is divided by 54.
51
Calculate the remainder when 2140 is divided by 614.
298
Calculate the remainder when 3031 is divided by 104.
15
What is the remainder when 845193 is divided by 14?
13
Calculate the remainder when 117581 is divided by 67.
63
Calculate the remainder when 2086 is divided by 142.
98
Calculate the remainder when 4473998 is divided by 80.
78
Calculate the remainder when 14494 is divided by 25.
19
Calculate the remainder when 83466 is divided by 394.
332
Calculate the remainder when 7844 is divided by 245.
4
What is the remainder when 21933 is divided by 248?
109
Calculate the remainder when 910071 is divided by 961.
4
What is the remainder when 853270 is divided by 12366?
16
Calculate the remainder when 342993 is divided by 4.
1
Calculate the remainder when 167047 is divided by 27834.
43
What is the remainder when 6499 is divided by 35?
24
Calculate the remainder when 3097 is divided by 1032.
1
What is the remainder when 469983 is divided by 27646?
1
What is the remainder when 10929 is divided by 10897?
32
What is the remainder when 22767 is divided by 156?
147
What is the remainder when 73446 is divided by 10489?
23
Calculate the remainder when 5067 is divided by 1139.
511
What is the remainder when 14983602 is divided by 273?
270
Calculate the remainder when 14371 is divided by 77.
49
What is the remainder when 30614 is divided by 567?
563
Calculate the remainder when 3284 is divided by 327.
14
Calculate the remainder when 5040 is divided by 1259.
4
What is the remainder when 606747 is divided by 67?
62
Calculate the remainder when 10389 is divided by 37.
29
Calculate the remainder when 5346636 is divided by 1378.
1374
What is the remainder when 12056 is divided by 180?
176
What is the remainder when 28374 is divided by 42?
24
What is the remainder when 34221 is divided by 6810?
171
What is the remainder when 2681 is divided by 851?
128
What is the remainder when 50907 is divided by 44?
43
What is the remainder when 174093 is divided by 744?
741
What is the remainder when 7445 is divided by 102?
101
Calculate the remainder when 3376 is divided by 174.
70
Calculate the remainder when 970692 is divided by 31.
20
Calculate the remainder when 9256 is divided by 229.
96
What is the remainder when 787 is divided by 65?
7
What is the remainder when 317984 is divided by 146?
142
What is the remainder when 4155 is divided by 3655?
500
What is the remainder when 1728 is divided by 254?
204
What is the remainder when 25154 is divided by 74?
68
Calculate the remainder when 43354 is divided by 138.
22
What is the remainder when 4466 is divided by 348?
290
What is the remainder when 82023 is divided by 126?
123
What is the remainder when 637668 is divided by 42?
24
What is the remainder when 27697 is divided by 21?
19
What is the remainder when 23635 is divided by 717?
691
What is the remainder when 5755 is divided by 1426?
51
What is the remainder when 1265 is divided by 425?
415
What is the remainder when 11032 is divided by 441?
7
What is the remainder when 3130 is divided by 196?
190
Calculate the remainder when 29281 is divided by 14.
7
What is the remainder when 281 is divided by 30?
11
What is the remainder when 8323 is divided by 8272?
51
What is the remainder when 425 is divided by 140?
5
What is the remainder when 88595 is divided by 259?
17
What is the remainder when 66314 is divided by 26?
14
Calculate the remainder when 262 is divided by 125.
12
What is the remainder when 3683422 is divided by 976?
974
What is the remainder when 2028 is divided by 112?
12
Calculate the remainder when 27961 is divided by 23.
16
Calculate the remainder when 8180 is divided by 27.
26
Calculate the remainder when 168556 is divided by 372.
40
What is the remainder when 2038 is divided by 1978?
60
Calculate the remainder when 37290 is divided by 233.
10
What is the remainder when 6541 is divided by 344?
5
What is the remainder when 95889 is divided by 33?
24
Calculate the remainder when 1459 is divided by 331.
135
What is the remainder when 2108 is divided by 235?
228
Calculate the remainder when 82928 is divided by 127.
124
What is the remainder when 70618 is divided by 22?
20
Calculate the remainder when 732 is divided by 692.
40
Calculate the remainder when 119249 is divided by 257.
1
What is the remainder when 10003 is divided by 105?
28
What is the remainder when 151577 is divided by 220?
217
What is the remainder when 2489 is divided by 104?
97
Calculate the remainder when 777 is divided by 19.
17
Calculate the remainder when 1143 is divided by 571.
1
What is the remainder when 3978 is divided by 63?
9
What is the remainder when 4755 is divided by 695?
585
Calculate the remainder when 1111119 is divided by 304.
303
Calculate the remainder when 4585 is divided by 794.
615
Calculate the remainder when 656211 is divided by 16405.
11
What is the remainder when 142371 is divided by 1071?
999
What is the remainder when 129 is divided by 39?
12
Calculate the remainder when 359019 is divided by 8349.
12
Calculate the remainder when 26728 is divided by 326.
322
What is the remainder when 1304 is divided by 961?
343
What is the remainder when 19955 is divided by 69?
14
Calculate the remainder when 5309060 is divided by 243.
239
Calculate the remainder when 18695 is divided by 388.
71
What is the remainder when 4404 is divided by 114?
72
What is the remainder when 32035 is divided by 42?
31
Calculate the remainder when 8384 is divided by 199.
26
Calculate the remainder when 11011 is divided by 1570.
21
Calculate the remainder when 3536518 is divided by 59.
58
Calculate the remainder when 11219 is divided by 65.
39
What is the remainder when 1020 is divided by 1006?
14
What is the remainder when 24501 is divided by 159?
15
Calculate the remainder when 30375 is divided by 59.
49
Calculate the remainder when 10671 is divided by 29.
28
Calculate the remainder when 52018 is divided by 982.
954
Calculate the remainder when 1123 is divided by 139.
11
What is the remainder when 6546 is divided by 160?
146
What is the remainder when 49745 is divided by 24864?
17
What is the remainder when 717516 is divided by 1598?
14
Calculate the remainder when 15414 is divided by 1274.
126
Calculate the remainder when 45095 is divided by 130.
115
Calculate the remainder when 1428 is divided by 899.
529
Calculate the remainder when 203745 is divided by 10186.
25
What is the remainder when 4943 is divided by 2375?
193
What is the remainder when 16352 is divided by 375?
227
Calculate the remainder when 418499 is divided by 1500.
1499
What is the remainder when 1255 is divided by 301?
51
Calculate the remainder when 2253 is divided by 748.
9
What is the remainder when 91539 is divided by 11?
8
What is the remainder when 2196395 is divided by 380?
375
Calculate the remainder when 182100 is divided by 91048.
4
What is the remainder when 32067 is divided by 8016?
3
Calculate the remainder when 168023 is divided by 4.
3
Calculate the remainder when 62564 is divided by 601.
60
Calculate the remainder when 22855 is divided by 7612.
19
What is the remainder when 47307 is divided by 60?
27
Calculate the remainder when 52117 is divided by 8.
5
Calculate the remainder when 51157 is divided by 984.
973
Calculate the remainder when 5712 is divided by 82.
54
What is the remainder when 23433 is divided by 7809?
6
Calculate the remainder when 689 is divided by 310.
69
What is the remainder when 566 is divided by 138?
14
What is the remainder when 25864 is divided by 446?
442
What is the remainder when 3902 is divided by 23?
15
What is the remainder when 2108 is divided by 331?
122
Calculate the remainder when 507 is divided by 38.
13
Calculate the remainder when 12459 is divided by 201.
198
What is the remainder when 396280 is divided by 